{"id":558,"date":"2016-12-20T14:44:57","date_gmt":"2016-12-20T14:44:57","guid":{"rendered":"http:\/\/pazurgryfa.slupsk.pl\/?page_id=558"},"modified":"2023-03-13T18:02:18","modified_gmt":"2023-03-13T18:02:18","slug":"komunikat-startowy","status":"publish","type":"page","link":"https:\/\/pazurgryfa.slupsk.pl\/web2023\/?page_id=558","title":{"rendered":"Komunikat Startowy"},"content":{"rendered":"\n<p><strong>Komunikat Startowy PAZUR GRYFA 2023<\/strong><\/p>\n\n\n\n<p>1. Zesp\u00f3\u0142 Organizacyjny:<\/p>\n\n\n\n<p>S\u0142awomir \u0106wirko \u2013 kierownik zawod\u00f3w, s\u0119dzia g\u0142\u00f3wny, budowniczy tras rowerowych tel. +48 602 449 660<br>Sebastian Zabielski \u2013 wsp\u00f3\u0142organizator, budowniczy trasy pieszych<br>STOPA S\u0142upsk \u2013 pomoc przy organizacji<\/p>\n\n\n\n<p>2. Termin i miejsce zawod\u00f3w:<\/p>\n\n\n\n<p>VIII Rajd na Orientacj\u0119 Pazur Gryfa odb\u0119dzie si\u0119 w dniach 18-19 marca 2023 roku w O\u015brodku Dwie Wie\u017ce , 76-113 Chudaczewko, Chudaczewko 1, powiat s\u0142awie\u0144ski, wojew\u00f3dztwo zachodniopomorskie.<\/p>\n\n\n\n<p>3. Baza i biuro zawod\u00f3w:<\/p>\n\n\n\n<p>O\u015brodek Dwie Wie\u017ce , 76-113 Chudaczewko, Chudaczewko 1, powiat s\u0142awie\u0144ski, wojew\u00f3dztwo zachodniopomorskie.<\/p>\n\n\n\n<p>4. Forma rozgrywania zawod\u00f3w:<\/p>\n\n\n\n<p>\u00b7 Trasa Piesza TP 12 \u2013 dru\u017cynowo<\/p>\n\n\n\n<p>\u00b7 Trasa Piesza TP 25 \u2013 indywidualna. <strong>W ramach tej trasy zostan\u0105 przeprowadzone Mistrzostwa Polski Lekarzy w Rajdach na Orientacj\u0119 na 25km<\/strong><br><br>\u00b7 Trasa Piesza TP 50 \u2013 indywidualna. <strong>W ramach tej trasy zostan\u0105 przeprowadzone Mistrzostwa Polski Lekarzy w Rajdach na Orientacj\u0119 na 50km<\/strong><\/p>\n\n\n\n<p><br>\u00b7 Trasa Rowerowa TR 120 \u2013 indywidualna.<\/p>\n\n\n\n<p><br>\u00b7 \u00b7Trasa Rowerowa TR 50 \u2013 indywidualna. <strong>W ramach tej trasy zostan\u0105 przeprowadzone Mistrzostwa Polski Lekarzy w Rowerowych Rajdach na Orientacj\u0119<\/strong><\/p>\n\n\n\n<p>Wszystkie trasy pokonywane s\u0105 w formule scorelauf \u2013 czyli zaliczanie punkt\u00f3w kontrolnych w dowolnej kolejno\u015bci, bez tzw. punkt\u00f3w stowarzyszonych.<\/p>\n\n\n\n<p>5. Program zawod\u00f3w:<\/p>\n\n\n\n<p><strong>17 marca 2023 (pi\u0105tek)<\/strong><\/p>\n\n\n\n<p>&nbsp;17:00 \u2013 Przyjmowanie uczestnik\u00f3w w bazie rajdu<\/p>\n\n\n\n<p><strong>18 marca 2023 (sobota)<\/strong><\/p>\n\n\n\n<p>&nbsp;06:00 \u2013 Przyjmowanie uczestnik\u00f3w, praca sekretariatu rajdu.<\/p>\n\n\n\n<p>&nbsp;06:45 \u2013 Odprawa techniczna \u2013 trasa TP50 i Mistrzostwa Polski Lekarzy na 50km.<\/p>\n\n\n\n<p>&nbsp;07:00 \u2013 start trasy TP50.<\/p>\n\n\n\n<p>07:15 \u2013 Odprawa techniczna \u2013 trasa TR120<\/p>\n\n\n\n<p>07:30 \u2013 start trasy TR120 .<\/p>\n\n\n\n<p>09:45 \u2013 odprawa techniczna trasy TP12<\/p>\n\n\n\n<p>10:00 \u2013 start trasy TP12<\/p>\n\n\n\n<p>15:30 \u2013 limit czasu TP12<\/p>\n\n\n\n<p>16:00 \u2013 zamkni\u0119cie mety trasy TP12<\/p>\n\n\n\n<p>19:00 \u2013 limit czasu TP50 i TR120<\/p>\n\n\n\n<p>19:30 \u2013 Zamkni\u0119cie mety trasy TP50 i TR120<\/p>\n\n\n\n<p>&nbsp;<strong>19 marca 2023 (niedziela)<\/strong><\/p>\n\n\n\n<p>07:45 \u2013 odprawa trasy TP-25 i MPL<\/p>\n\n\n\n<p>08:00 \u2013 start trasy TP-25 i MPL<\/p>\n\n\n\n<p>08:45 \u2013 odprawa trasy TR50<\/p>\n\n\n\n<p>09:00 \u2013 start trasy TR50 i MPL<\/p>\n\n\n\n<p>15.00 \u2013 limit czasu obu tras<\/p>\n\n\n\n<p>15.30 \u2013 zamkni\u0119cie mety obu tras<\/p>\n\n\n\n<p>16.30 \u2013 opuszczenie bazy<\/p>\n\n\n\n<p>7. Zg\u0142oszenia:<\/p>\n\n\n\n<p>Zg\u0142oszenia b\u0119d\u0105 przyjmowane poprzez formularz zg\u0142oszeniowy dost\u0119pny na stronie internetowej https:\/\/elektronicznezapisy.pl do dnia 16.03.2023r. oraz poprzez wype\u0142nienie karty zg\u0142oszeniowej w biurze (ilo\u015b\u0107 miejsc ograniczona do wyczerpania zapasu map)<br>Link do zapis\u00f3w : <a href=\"https:\/\/elektronicznezapisy.pl\/event\/7915\/strona.html\">https:\/\/elektronicznezapisy.pl\/event\/7915\/strona.html<\/a><\/p>\n\n\n\n<p>8. \u015awiadczenia startowe<\/p>\n\n\n\n<p>\u00b7 posi\u0142ek regeneracyjny po rajdzie<br>\u00b7 punkty od\u017cywcze z wod\u0105 i posi\u0142kiem energetycznym na trasach TP50 i TR120<br>\u00b7 woda i napoje na mecie rajdu<br>\u00b7 komplet kolorowych map <br>\u00b7 nocleg na sali \u2013 konieczna wcze\u015bniejsza rezerwacja (nale\u017cy posiada\u0107 w\u0142asny \u015bpiw\u00f3r i karimat\u0119)<br>\u00b7 \u0142azienki i toalety w bazie zawod\u00f3w,<br>\u00b7 wrz\u0105tek do cel\u00f3w spo\u017cywczych, kawa, herbata<\/p>\n\n\n\n<p>9. Postanowienia ko\u0144cowe<\/p>\n\n\n\n<p>\u00b7 zawody odb\u0119d\u0105 si\u0119 bez wzgl\u0119du na pogod\u0119,<br>\u00b7 <strong>uczestnicy startuj\u0105 na w\u0142asn\u0105 odpowiedzialno\u015b\u0107<\/strong>,<br>\u00b7 zabrania si\u0119 korzystania z innych \u015brodk\u00f3w lokomocji ni\u017c przewidziane w regulaminie zawod\u00f3w,<br>\u00b7 uczestnik, kt\u00f3ry nie zg\u0142osi\u0142 si\u0119 na starcie traci prawo do \u015bwiadcze\u0144,<br>\u00b7 <strong>za szkody wyrz\u0105dzone wobec uczestnik\u00f3w jak i os\u00f3b trzecich organizator nie odpowiada<\/strong>,<br>\u00b7 obowi\u0105zuje nakaz przestrzegania zasad poruszania si\u0119 po drogach publicznych, przepis\u00f3w ruchu drogowego i ppo\u017c.,<br>\u00b7 ostateczna interpretacja komunikatu startowego oraz regulaminu nale\u017cy do organizator\u00f3w,<br>\u00b7 parking na ok. 30 samochod\u00f3w dost\u0119pny w bazie zawod\u00f3w,<br>\u00b7 po wyczerpaniu miejsc parkingowych w bazie prosimy o korzystanie z parkingu przy le\u015bnicz\u00f3wce oraz parkowania wzd\u0142u\u017c dr\u00f3g zgodnie z przepisami o ruchu drogowym<\/p>\n","protected":false},"excerpt":{"rendered":"<p>Komunikat Startowy PAZUR GRYFA 2023 1. Zesp\u00f3\u0142 Organizacyjny: S\u0142awomir \u0106wirko \u2013 kierownik zawod\u00f3w, s\u0119dzia g\u0142\u00f3wny, budowniczy tras rowerowych tel. +48 602 449 660Sebastian Zabielski \u2013 wsp\u00f3\u0142organizator, budowniczy trasy pieszychSTOPA S\u0142upsk <a class=\"more-link\" href=\"https:\/\/pazurgryfa.slupsk.pl\/web2023\/?page_id=558\">Continue Reading &amp;amp;amp;rarr;<\/a><\/p>\n","protected":false},"author":2,"featured_media":0,"parent":0,"menu_order":0,"comment_status":"closed","ping_status":"closed","template":"","meta":[],"_links":{"self":[{"href":"https:\/\/pazurgryfa.slupsk.pl\/web2023\/index.php?rest_route=\/wp\/v2\/pages\/558"}],"collection":[{"href":"https:\/\/pazurgryfa.slupsk.pl\/web2023\/index.php?rest_route=\/wp\/v2\/pages"}],"about":[{"href":"https:\/\/pazurgryfa.slupsk.pl\/web2023\/index.php?rest_route=\/wp\/v2\/types\/page"}],"author":[{"embeddable":true,"href":"https:\/\/pazurgryfa.slupsk.pl\/web2023\/index.php?rest_route=\/wp\/v2\/users\/2"}],"replies":[{"embeddable":true,"href":"https:\/\/pazurgryfa.slupsk.pl\/web2023\/index.php?rest_route=%2Fwp%2Fv2%2Fcomments&post=558"}],"version-history":[{"count":23,"href":"https:\/\/pazurgryfa.slupsk.pl\/web2023\/index.php?rest_route=\/wp\/v2\/pages\/558\/revisions"}],"predecessor-version":[{"id":1098,"href":"https:\/\/pazurgryfa.slupsk.pl\/web2023\/index.php?rest_route=\/wp\/v2\/pages\/558\/revisions\/1098"}],"wp:attachment":[{"href":"https:\/\/pazurgryfa.slupsk.pl\/web2023\/index.php?rest_route=%2Fwp%2Fv2%2Fmedia&parent=558"}],"curies":[{"name":"wp","href":"https:\/\/api.w.org\/{rel}","templated":true}]}}